{"id":146,"date":"2020-09-10T22:32:28","date_gmt":"2020-09-10T20:32:28","guid":{"rendered":"http:\/\/kre-art.fr\/?page_id=146"},"modified":"2022-06-19T19:17:31","modified_gmt":"2022-06-19T17:17:31","slug":"litterature","status":"publish","type":"page","link":"https:\/\/kre-art.fr\/index.php\/litterature\/","title":{"rendered":"Litt\u00e9rature"},"content":{"rendered":"\n<p class=\"has-text-align-center\">La galaxie litt\u00e9rature \ud83d\udcd6 \u270d\ufe0f<br>LA passion de ma vie\u2026j&#8217;\u00e9crivais ma premi\u00e8re nouvelle \u00e0 l&#8217;\u00e2ge de 6 ans. C\u2019\u00e9tait \u00e0 propos d\u2019un oiseau, mon professeur de litt\u00e9rature a pleur\u00e9 !<br>J&#8217;ai alors commenc\u00e9 \u00e0 \u00e9crire tout le temps: des po\u00e8mes, des romans.<br>Puis j\u2019ai particip\u00e9 \u00e0 tous les concours de litt\u00e9rature, les autres enfants de l&#8217;\u00e9cole volaient mes essais \ud83d\ude42<br>En parall\u00e8le je lisais tous les auteurs classiques que je pouvais trouver. Mon premier livre \u00ab The Thorn Birds \u00bb lu vers 8 ans, inqui\u00e9ta ma m\u00e8re qui pensais que c&#8217;\u00e9tait trop pour un enfant et que je ne comprendrais rien mais ce ne fut pas le cas. Je lisais un livre environ tous les 2\/3 jours.<br>Cet amour pour la litt\u00e9rature m&#8217;a guid\u00e9 vers l&#8217;\u00e9criture. Au fil du temps, des \u00e9tudes, les contraintes professionnelles, j&#8217;ai eu moins de disponibilit\u00e9s pour \u00e9crire. Mais j\u2019ai tout de m\u00eame continu\u00e9 d\u2019\u00e9crire des petites extraits, et bien \u00e9videmment je n\u2019ai jamais arr\u00eat\u00e9 de lire.<br>Le but est de lire au moins un livre de chaque auteur classique, et finir mon grand livre que j\u2019ai commenc\u00e9 il y a 10 ans.<br>\u00catre capable de provoquer de vraies \u00e9motions chez les gens, en \u00e9crivant une nouvelle est la plus belle chose et une r\u00e9elle satisfaction.<br>Faire pleurer ou rire mes amis, transporter les gens dans un monde imaginaire, susciter des r\u00e9actions chez les lecteurs \u00e0 propos de mon style d\u2019\u00e9criture, \u00e9crire des preuves d\u2019amour \u00e0 ma famille que j\u2019ai toujours eu du mal \u00e0 exprimer \u00e0 l&#8217;oral, c\u2019est un v\u00e9ritable cadeau de pouvoir utiliser les mots pour exprimer tout cela.<\/p>\n\n\n\n<figure class=\"wp-block-gallery columns-3 is-cropped\"><ul class=\"blocks-gallery-grid\"><li class=\"blocks-gallery-item\"><figure><a href=\"https:\/\/kre-art.fr\/index.php\/litterature\/resumes-de-livres\/\"><img loading=\"lazy\" decoding=\"async\" width=\"1024\" height=\"682\" src=\"https:\/\/kre-art.fr\/wp-content\/uploads\/2020\/12\/Kre-Art-resumes-de-livres-1024x682.jpg\" alt=\"\" data-id=\"813\" data-link=\"https:\/\/kre-art.fr\/?attachment_id=813\" class=\"wp-image-813\" srcset=\"https:\/\/kre-art.fr\/wp-content\/uploads\/2020\/12\/Kre-Art-resumes-de-livres-1024x682.jpg 1024w, https:\/\/kre-art.fr\/wp-content\/uploads\/2020\/12\/Kre-Art-resumes-de-livres-300x200.jpg 300w, https:\/\/kre-art.fr\/wp-content\/uploads\/2020\/12\/Kre-Art-resumes-de-livres-768x512.jpg 768w, https:\/\/kre-art.fr\/wp-content\/uploads\/2020\/12\/Kre-Art-resumes-de-livres-450x300.jpg 450w, https:\/\/kre-art.fr\/wp-content\/uploads\/2020\/12\/Kre-Art-resumes-de-livres-600x400.jpg 600w, https:\/\/kre-art.fr\/wp-content\/uploads\/2020\/12\/Kre-Art-resumes-de-livres.jpg 1280w\" sizes=\"auto, (max-width: 1024px) 100vw, 1024px\" \/><\/a><figcaption class=\"blocks-gallery-item__caption\"><a href=\"https:\/\/kre-art.fr\/index.php\/litterature\/resumes-de-livres\/\" data-type=\"page\" data-id=\"272\">R\u00e9sum\u00e9s de livres<\/a><\/figcaption><\/figure><\/li><li class=\"blocks-gallery-item\"><figure><a href=\"https:\/\/kre-art.fr\/index.php\/litterature\/citations\/\"><img loading=\"lazy\" decoding=\"async\" width=\"640\" height=\"432\" src=\"https:\/\/kre-art.fr\/wp-content\/uploads\/2020\/12\/Kre-Art-citations.jpg\" alt=\"\" data-id=\"814\" data-link=\"https:\/\/kre-art.fr\/?attachment_id=814\" class=\"wp-image-814\" srcset=\"https:\/\/kre-art.fr\/wp-content\/uploads\/2020\/12\/Kre-Art-citations.jpg 640w, https:\/\/kre-art.fr\/wp-content\/uploads\/2020\/12\/Kre-Art-citations-300x203.jpg 300w, https:\/\/kre-art.fr\/wp-content\/uploads\/2020\/12\/Kre-Art-citations-444x300.jpg 444w, https:\/\/kre-art.fr\/wp-content\/uploads\/2020\/12\/Kre-Art-citations-600x405.jpg 600w\" sizes=\"auto, (max-width: 640px) 100vw, 640px\" \/><\/a><figcaption class=\"blocks-gallery-item__caption\"><a href=\"https:\/\/kre-art.fr\/index.php\/litterature\/citations\/\" data-type=\"page\" data-id=\"352\">Citations<\/a><\/figcaption><\/figure><\/li><li class=\"blocks-gallery-item\"><figure><a\n","protected":false},"excerpt":{"rendered":"<p>La galaxie litt\u00e9rature \ud83d\udcd6 \u270d\ufe0fLA passion de ma vie\u2026j&#8217;\u00e9crivais ma premi\u00e8re nouvelle \u00e0 l&#8217;\u00e2ge de 6 ans. C\u2019\u00e9tait \u00e0 propos d\u2019un oiseau, mon professeur de litt\u00e9rature a pleur\u00e9 !J&#8217;ai alors commenc\u00e9 \u00e0 \u00e9crire tout le temps: des po\u00e8mes, des romans.Puis j\u2019ai particip\u00e9 \u00e0 tous les concours de litt\u00e9rature, les autres &hellip;<\/p>\n","protected":false},"author":1,"featured_media":548,"parent":0,"menu_order":4,"comment_status":"closed","ping_status":"closed","template":"","meta":{"footnotes":""},"class_list":["post-146","page","type-page","status-publish","has-post-thumbnail","hentry"],"_links":{"self":[{"href":"https:\/\/kre-art.fr\/index.php\/wp-json\/wp\/v2\/pages\/146","targetHints":{"allow":["GET"]}}],"collection":[{"href":"https:\/\/kre-art.fr\/index.php\/wp-json\/wp\/v2\/pages"}],"about":[{"href":"https:\/\/kre-art.fr\/index.php\/wp-json\/wp\/v2\/types\/page"}],"author":[{"embeddable":true,"href":"https:\/\/kre-art.fr\/index.php\/wp-json\/wp\/v2\/users\/1"}],"replies":[{"embeddable":true,"href":"https:\/\/kre-art.fr\/index.php\/wp-json\/wp\/v2\/comments?post=146"}],"version-history":[{"count":12,"href":"https:\/\/kre-art.fr\/index.php\/wp-json\/wp\/v2\/pages\/146\/revisions"}],"predecessor-version":[{"id":2967,"href":"https:\/\/kre-art.fr\/index.php\/wp-json\/wp\/v2\/pages\/146\/revisions\/2967"}],"wp:featuredmedia":[{"embeddable":true,"href":"https:\/\/kre-art.fr\/index.php\/wp-json\/wp\/v2\/media\/548"}],"wp:attachment":[{"href":"https:\/\/kre-art.fr\/index.php\/wp-json\/wp\/v2\/media?parent=146"}],"curies":[{"name":"wp","href":"https:\/\/api.w.org\/{rel}","templated":true}]}}

Littérature

<p class="has-text-align-center">La galaxie littérature 📖 ✍️<br>LA passion de ma vie…j&#8217;écrivais ma première nouvelle à l&#8217;âge de 6 ans. C’était à propos d’un oiseau, mon professeur de littérature a pleuré !<br>J&#8217;ai alors commencé à écrire tout le temps: des poèmes, des romans.<br>Puis j’ai participé à tous les concours de littérature, les autres enfants de l&#8217;école volaient mes essais 🙂<br>En parallèle je lisais tous les auteurs classiques que je pouvais trouver. Mon premier livre « The Thorn Birds » lu vers 8 ans, inquiéta ma mère qui pensais que c&#8217;était trop pour un enfant et que je ne comprendrais rien mais ce ne fut pas le cas. Je lisais un livre environ tous les 2/3 jours.<br>Cet amour pour la littérature m&#8217;a guidé vers l&#8217;écriture. Au fil du temps, des études, les contraintes professionnelles, j&#8217;ai eu moins de disponibilités pour écrire. Mais j’ai tout de même continué d’écrire des petites extraits, et bien évidemment je n’ai jamais arrêté de lire.<br>Le but est de lire au moins un livre de chaque auteur classique, et finir mon grand livre que j’ai commencé il y a 10 ans.<br>Être capable de provoquer de vraies émotions chez les gens, en écrivant une nouvelle est la plus belle chose et une réelle satisfaction.<br>Faire pleurer ou rire mes amis, transporter les gens dans un monde imaginaire, susciter des réactions chez les lecteurs à propos de mon style d’écriture, écrire des preuves d’amour à ma famille que j’ai toujours eu du mal à exprimer à l&#8217;oral, c’est un véritable cadeau de pouvoir utiliser les mots pour exprimer tout cela.</p>



<figure class="wp-block-gallery columns-3 is-cropped"><ul class="blocks-gallery-grid"><li class="blocks-gallery-item"><figure><a href="https://kre-art.fr/index.php/litterature/resumes-de-livres/"><img loading="lazy" decoding="async" width="1024" height="682" src="https://kre-art.fr/wp-content/uploads/2020/12/Kre-Art-resumes-de-livres-1024x682.jpg" alt="" data-id="813" data-link="https://kre-art.fr/?attachment_id=813" class="wp-image-813" srcset="https://kre-art.fr/wp-content/uploads/2020/12/Kre-Art-resumes-de-livres-1024x682.jpg 1024w, https://kre-art.fr/wp-content/uploads/2020/12/Kre-Art-resumes-de-livres-300x200.jpg 300w, https://kre-art.fr/wp-content/uploads/2020/12/Kre-Art-resumes-de-livres-768x512.jpg 768w, https://kre-art.fr/wp-content/uploads/2020/12/Kre-Art-resumes-de-livres-450x300.jpg 450w, https://kre-art.fr/wp-content/uploads/2020/12/Kre-Art-resumes-de-livres-600x400.jpg 600w, https://kre-art.fr/wp-content/uploads/2020/12/Kre-Art-resumes-de-livres.jpg 1280w" sizes="auto, (max-width: 1024px) 100vw, 1024px" /></a><figcaption class="blocks-gallery-item__caption"><a href="https://kre-art.fr/index.php/litterature/resumes-de-livres/" data-type="page" data-id="272">Résumés de livres</a></figcaption></figure></li><li class="blocks-gallery-item"><figure><a href="https://kre-art.fr/index.php/litterature/citations/"><img loading="lazy" decoding="async" width="640" height="432" src="https://kre-art.fr/wp-content/uploads/2020/12/Kre-Art-citations.jpg" alt="" data-id="814" data-link="https://kre-art.fr/?attachment_id=814" class="wp-image-814" srcset="https://kre-art.fr/wp-content/uploads/2020/12/Kre-Art-citations.jpg 640w, https://kre-art.fr/wp-content/uploads/2020/12/Kre-Art-citations-300x203.jpg 300w, https://kre-art.fr/wp-content/uploads/2020/12/Kre-Art-citations-444x300.jpg 444w, https://kre-art.fr/wp-content/uploads/2020/12/Kre-Art-citations-600x405.jpg 600w" sizes="auto, (max-width: 640px) 100vw, 640px" /></a><figcaption class="blocks-gallery-item__caption"><a href="https://kre-art.fr/index.php/litterature/citations/" data-type="page" data-id="352">Citations</a></figcaption></figure></li><li class="blocks-gallery-item"><figure><a

<p>La galaxie littérature 📖 ✍️LA passion de ma vie…j&#8217;écrivais ma première nouvelle à l&#8217;âge de 6 ans. C’était à propos d’un oiseau, mon professeur de littérature a pleuré !J&#8217;ai alors commencé à écrire tout le temps: des poèmes, des romans.Puis j’ai participé à tous les concours de littérature, les autres &hellip;</p>
