{"id":2184,"date":"2021-12-22T22:36:57","date_gmt":"2021-12-22T21:36:57","guid":{"rendered":"http:\/\/kre-art.fr\/?page_id=2184"},"modified":"2023-08-11T22:25:34","modified_gmt":"2023-08-11T20:25:34","slug":"broderie-diamant","status":"publish","type":"page","link":"https:\/\/kre-art.fr\/index.php\/boutique\/toiles-a-tisser\/broderie-diamant\/","title":{"rendered":"Broderie diamant"},"content":{"rendered":"\n<p>Kre-Art brodera le mod\u00e8le selon votre design ou selon les pr\u00e9sentations sur le site. <br>N\u2019h\u00e9sitez pas \u00e0 me contacter via mon formulaire de\u00a0<a href=\"https:\/\/kre-art.fr\/index.php\/contact\/\">Contact<\/a>\u00a0pour effectuer la commande, et d\u00e9finir le mode de livraison.<br>Le temps de r\u00e9alisation d\u00e9pend de la complexit\u00e9 de la toile.<br>Le prix et le mode de livraison seront d\u00e9finis avec vous.<br>La livraison en France s&#8217;effectue par La Poste, le prix de la livraison d\u00e9pend du poids, le prix minimum est de 4 euros.<br>Le prix des toiles \u00e0 tisser selon votre design sera \u00e0 discuter avec vous et d\u00e9pendra de la complexit\u00e9, du temps de travail et des mat\u00e9riaux. <br>Possibilit\u00e9 de mettre la toile dans un cadre (le prix d\u00e9pend du prix du cadre).<\/p>\n\n\n\n<p><\/p>\n\n\n<div class=\"wp-block-image is-style-default\">\n<figure class=\"aligncenter size-large is-resized\"><img loading=\"lazy\" decoding=\"async\" src=\"https:\/\/kre-art.fr\/wp-content\/uploads\/2021\/07\/toile-a-tisser-Audrey-Hepburn-Kre-Art-702x1024.jpg\" alt=\"toile \u00e0 tisser Audrey Hepburn Kre-Art\" class=\"wp-image-2058\" width=\"351\" height=\"512\" srcset=\"https:\/\/kre-art.fr\/wp-content\/uploads\/2021\/07\/toile-a-tisser-Audrey-Hepburn-Kre-Art-702x1024.jpg 702w, https:\/\/kre-art.fr\/wp-content\/uploads\/2021\/07\/toile-a-tisser-Audrey-Hepburn-Kre-Art-206x300.jpg 206w, https:\/\/kre-art.fr\/wp-content\/uploads\/2021\/07\/toile-a-tisser-Audrey-Hepburn-Kre-Art-768x1121.jpg 768w, https:\/\/kre-art.fr\/wp-content\/uploads\/2021\/07\/toile-a-tisser-Audrey-Hepburn-Kre-Art-1053x1536.jpg 1053w, https:\/\/kre-art.fr\/wp-content\/uploads\/2021\/07\/toile-a-tisser-Audrey-Hepburn-Kre-Art-1403x2048.jpg 1403w, https:\/\/kre-art.fr\/wp-content\/uploads\/2021\/07\/toile-a-tisser-Audrey-Hepburn-Kre-Art-600x876.jpg 600w, https:\/\/kre-art.fr\/wp-content\/uploads\/2021\/07\/toile-a-tisser-Audrey-Hepburn-Kre-Art-scaled.jpg 1754w\" sizes=\"auto, (max-width: 351px) 100vw, 351px\" \/><figcaption class=\"wp-element-caption\">La mod\u00e8le &#8220;Audrey Hepburn&#8221; (broderie diamant carr\u00e9e). Le prix est de 40 euros. La taille est 20\u00d730 cm. Le prix du cadre est 15 euros<\/figcaption><\/figure><\/div>\n\n\n<p><\/p>\n\n\n<div class=\"wp-block-image is-style-default\">\n<figure class=\"aligncenter size-large is-resized\"><img loading=\"lazy\" decoding=\"async\" src=\"https:\/\/kre-art.fr\/wp-content\/uploads\/2021\/07\/toile-a-tisser-papillon-Kre-Art-1024x976.jpg\" alt=\"toile \u00e0 tisser papillon Kre-Art\" class=\"wp-image-2056\" width=\"512\" height=\"488\" srcset=\"https:\/\/kre-art.fr\/wp-content\/uploads\/2021\/07\/toile-a-tisser-papillon-Kre-Art-1024x976.jpg 1024w, https:\/\/kre-art.fr\/wp-content\/uploads\/2021\/07\/toile-a-tisser-papillon-Kre-Art-300x286.jpg 300w, https:\/\/kre-art.fr\/wp-content\/uploads\/2021\/07\/toile-a-tisser-papillon-Kre-Art-768x732.jpg 768w, https:\/\/kre-art.fr\/wp-content\/uploads\/2021\/07\/toile-a-tisser-papillon-Kre-Art-1536x1463.jpg 1536w, https:\/\/kre-art.fr\/wp-content\/uploads\/2021\/07\/toile-a-tisser-papillon-Kre-Art-2048x1951.jpg 2048w, https:\/\/kre-art.fr\/wp-content\/uploads\/2021\/07\/toile-a-tisser-papillon-Kre-Art-315x300.jpg 315w, https:\/\/kre-art.fr\/wp-content\/uploads\/2021\/07\/toile-a-tisser-papillon-Kre-Art-600x572.jpg 600w\" sizes=\"auto, (max-width: 512px) 100vw, 512px\" \/><figcaption class=\"wp-element-caption\">La mod\u00e8le &#8220;Papillon&#8221; (broderie diamant ronde). Le prix est de 35 euros. La taille est 30,5\u00d730,5 cm. Le prix du cadre est 20 euros<\/figcaption><\/figure><\/div>\n\n\n<p><\/p>\n\n\n<div class=\"wp-block-image is-style-rounded\">\n<figure class=\"aligncenter size-large is-resized\"><img loading=\"lazy\" decoding=\"async\" src=\"https:\/\/kre-art.fr\/wp-content\/uploads\/2021\/07\/toile-a-tisser-oiseaux-v.-2-Kre-Art-1013x1024.jpg\" alt=\"toile \u00e0 tisser oiseaux v. 2 Kre-Art\" class=\"wp-image-2060\" width=\"507\" height=\"512\" srcset=\"https:\/\/kre-art.fr\/wp-content\/uploads\/2021\/07\/toile-a-tisser-oiseaux-v.-2-Kre-Art-1013x1024.jpg 1013w, https:\/\/kre-art.fr\/wp-content\/uploads\/2021\/07\/toile-a-tisser-oiseaux-v.-2-Kre-Art-297x300.jpg 297w, https:\/\/kre-art.fr\/wp-content\/uploads\/2021\/07\/toile-a-tisser-oiseaux-v.-2-Kre-Art-150x150.jpg 150w, https:\/\/kre-art.fr\/wp-content\/uploads\/2021\/07\/toile-a-tisser-oiseaux-v.-2-Kre-Art-768x776.jpg 768w, https:\/\/kre-art.fr\/wp-content\/uploads\/2021\/07\/toile-a-tisser-oiseaux-v.-2-Kre-Art-600x606.jpg 600w, https:\/\/kre-art.fr\/wp-content\/uploads\/2021\/07\/toile-a-tisser-oiseaux-v.-2-Kre-Art-100x100.jpg 100w, https:\/\/kre-art.fr\/wp-content\/uploads\/2021\/07\/toile-a-tisser-oiseaux-v.-2-Kre-Art.jpg 1302w\" sizes=\"auto, (max-width: 507px) 100vw, 507px\" \/><figcaption class=\"wp-element-caption\">La mod\u00e8le &#8220;Oiseaux&#8221; (broderie diamant ronde). Le prix est de 45 euros. La taille est 30\u00d730 cm. <\/figcaption><\/figure><\/div>\n\n<div class=\"wp-block-image is-style-rounded\">\n<figure class=\"aligncenter size-large is-resized\"><img loading=\"lazy\" decoding=\"async\" src=\"https:\/\/kre-art.fr\/wp-content\/uploads\/2022\/01\/broderie-diamant-tigre-1024x873.jpg\" alt=\"\" class=\"wp-image-2230\" width=\"512\" height=\"437\" srcset=\"https:\/\/kre-art.fr\/wp-content\/uploads\/2022\/01\/broderie-diamant-tigre-1024x873.jpg 1024w, https:\/\/kre-art.fr\/wp-content\/uploads\/2022\/01\/broderie-diamant-tigre-300x256.jpg 300w, https:\/\/kre-art.fr\/wp-content\/uploads\/2022\/01\/broderie-diamant-tigre-768x655.jpg 768w, https:\/\/kre-art.fr\/wp-content\/uploads\/2022\/01\/broderie-diamant-tigre-352x300.jpg 352w, https:\/\/kre-art.fr\/wp-content\/uploads\/2022\/01\/broderie-diamant-tigre-600x512.jpg 600w, https:\/\/kre-art.fr\/wp-content\/uploads\/2022\/01\/broderie-diamant-tigre.jpg 1440w\" sizes=\"auto, (max-width: 512px) 100vw, 512px\" \/><figcaption class=\"wp-element-caption\"> La mod\u00e8le &#8220;Tigre&#8221; (broderie diamant ronde). Le prix est de 35 euros. La taille est 35 x 28 cm.  <\/figcaption><\/figure><\/div>\n\n<div class=\"wp-block-image is-style-default\">\n<figure class=\"aligncenter size-large is-resized\"><img loading=\"lazy\" decoding=\"async\" src=\"https:\/\/kre-art.fr\/wp-content\/uploads\/2022\/01\/broderie-diamant-personnalisee-920x1024.jpg\" alt=\"\" class=\"wp-image-2234\" width=\"460\" height=\"512\" srcset=\"https:\/\/kre-art.fr\/wp-content\/uploads\/2022\/01\/broderie-diamant-personnalisee-920x1024.jpg 920w, https:\/\/kre-art.fr\/wp-content\/uploads\/2022\/01\/broderie-diamant-personnalisee-270x300.jpg 270w, https:\/\/kre-art.fr\/wp-content\/uploads\/2022\/01\/broderie-diamant-personnalisee-768x855.jpg 768w, https:\/\/kre-art.fr\/wp-content\/uploads\/2022\/01\/broderie-diamant-personnalisee-1380x1536.jpg 1380w, https:\/\/kre-art.fr\/wp-content\/uploads\/2022\/01\/broderie-diamant-personnalisee-600x668.jpg 600w, https:\/\/kre-art.fr\/wp-content\/uploads\/2022\/01\/broderie-diamant-personnalisee.jpg 1424w\" sizes=\"auto, (max-width: 460px) 100vw, 460px\" \/><figcaption class=\"wp-element-caption\">Broderie diamant personnalis\u00e9e (broderie diamant carr\u00e9e). La taille est 30&#215;40<\/figcaption><\/figure><\/div>\n\n<div class=\"wp-block-image\">\n<figure class=\"aligncenter size-large is-resized\"><img loading=\"lazy\" decoding=\"async\" src=\"https:\/\/kre-art.fr\/wp-content\/uploads\/2022\/05\/broderie-diamant-personalise-3-1024x1024.jpg\" alt=\"\" class=\"wp-image-2819\" width=\"512\" height=\"512\" srcset=\"https:\/\/kre-art.fr\/wp-content\/uploads\/2022\/05\/broderie-diamant-personalise-3-1024x1024.jpg 1024w, https:\/\/kre-art.fr\/wp-content\/uploads\/2022\/05\/broderie-diamant-personalise-3-300x300.jpg 300w, https:\/\/kre-art.fr\/wp-content\/uploads\/2022\/05\/broderie-diamant-personalise-3-150x150.jpg 150w, https:\/\/kre-art.fr\/wp-content\/uploads\/2022\/05\/broderie-diamant-personalise-3-768x768.jpg 768w, https:\/\/kre-art.fr\/wp-content\/uploads\/2022\/05\/broderie-diamant-personalise-3-1536x1536.jpg 1536w, https:\/\/kre-art.fr\/wp-content\/uploads\/2022\/05\/broderie-diamant-personalise-3-600x600.jpg 600w, https:\/\/kre-art.fr\/wp-content\/uploads\/2022\/05\/broderie-diamant-personalise-3-100x100.jpg 100w, https:\/\/kre-art.fr\/wp-content\/uploads\/2022\/05\/broderie-diamant-personalise-3.jpg 1979w\" sizes=\"auto, (max-width: 512px) 100vw, 512px\" \/><figcaption class=\"wp-element-caption\">Broderie diamant personnalis\u00e9e (broderie diamant carr\u00e9e). La taille est 30&#215;40<\/figcaption><\/figure><\/div>\n\n<div class=\"wp-block-image\">\n<figure class=\"aligncenter size-large is-resized\"><img loading=\"lazy\" decoding=\"async\" src=\"https:\/\/kre-art.fr\/wp-content\/uploads\/2022\/05\/broderie-diamant-personalise-4-766x1024.jpg\" alt=\"\" class=\"wp-image-2820\" width=\"383\" height=\"512\" srcset=\"https:\/\/kre-art.fr\/wp-content\/uploads\/2022\/05\/broderie-diamant-personalise-4-766x1024.jpg 766w, https:\/\/kre-art.fr\/wp-content\/uploads\/2022\/05\/broderie-diamant-personalise-4-224x300.jpg 224w, https:\/\/kre-art.fr\/wp-content\/uploads\/2022\/05\/broderie-diamant-personalise-4-768x1027.jpg 768w, https:\/\/kre-art.fr\/wp-content\/uploads\/2022\/05\/broderie-diamant-personalise-4-1149x1536.jpg 1149w, https:\/\/kre-art.fr\/wp-content\/uploads\/2022\/05\/broderie-diamant-personalise-4-1532x2048.jpg 1532w, https:\/\/kre-art.fr\/wp-content\/uploads\/2022\/05\/broderie-diamant-personalise-4-600x802.jpg 600w, https:\/\/kre-art.fr\/wp-content\/uploads\/2022\/05\/broderie-diamant-personalise-4-scaled.jpg 1915w\" sizes=\"auto, (max-width: 383px) 100vw, 383px\" \/><figcaption class=\"wp-element-caption\">Broderie diamant personnalis\u00e9e (broderie diamant carr\u00e9e). La taille est 30&#215;40<\/figcaption><\/figure><\/div>\n\n<div class=\"wp-block-image\">\n<figure class=\"aligncenter size-large is-resized\"><img loading=\"lazy\" decoding=\"async\" src=\"https:\/\/kre-art.fr\/wp-content\/uploads\/2022\/05\/Broderie-diamant-Montgolfier-kre-art-1024x746.jpg\" alt=\"\" class=\"wp-image-2559\" width=\"512\" height=\"373\" srcset=\"https:\/\/kre-art.fr\/wp-content\/uploads\/2022\/05\/Broderie-diamant-Montgolfier-kre-art-1024x746.jpg 1024w, https:\/\/kre-art.fr\/wp-content\/uploads\/2022\/05\/Broderie-diamant-Montgolfier-kre-art-300x219.jpg 300w, https:\/\/kre-art.fr\/wp-content\/uploads\/2022\/05\/Broderie-diamant-Montgolfier-kre-art-768x560.jpg 768w, https:\/\/kre-art.fr\/wp-content\/uploads\/2022\/05\/Broderie-diamant-Montgolfier-kre-art-1536x1119.jpg 1536w, https:\/\/kre-art.fr\/wp-content\/uploads\/2022\/05\/Broderie-diamant-Montgolfier-kre-art-2048x1492.jpg 2048w, https:\/\/kre-art.fr\/wp-content\/uploads\/2022\/05\/Broderie-diamant-Montgolfier-kre-art-412x300.jpg 412w, https:\/\/kre-art.fr\/wp-content\/uploads\/2022\/05\/Broderie-diamant-Montgolfier-kre-art-600x437.jpg 600w\" sizes=\"auto, (max-width: 512px) 100vw, 512px\" \/><figcaption class=\"wp-element-caption\">Broderie diamant &#8220;Montgolfiere&#8221; (broderie diamant ronde). La taille est 40 x 30 cm. <\/figcaption><\/figure><\/div>\n\n<div class=\"wp-block-image\">\n<figure class=\"aligncenter size-large is-resized\"><img loading=\"lazy\" decoding=\"async\" src=\"https:\/\/kre-art.fr\/wp-content\/uploads\/2022\/05\/broderie-diamant-hibou-1003x1024.jpg\" alt=\"\" class=\"wp-image-2826\" width=\"502\" height=\"512\" srcset=\"https:\/\/kre-art.fr\/wp-content\/uploads\/2022\/05\/broderie-diamant-hibou-1003x1024.jpg 1003w, https:\/\/kre-art.fr\/wp-content\/uploads\/2022\/05\/broderie-diamant-hibou-294x300.jpg 294w, https:\/\/kre-art.fr\/wp-content\/uploads\/2022\/05\/broderie-diamant-hibou-768x784.jpg 768w, https:\/\/kre-art.fr\/wp-content\/uploads\/2022\/05\/broderie-diamant-hibou-1504x1536.jpg 1504w, https:\/\/kre-art.fr\/wp-content\/uploads\/2022\/05\/broderie-diamant-hibou-2006x2048.jpg 2006w, https:\/\/kre-art.fr\/wp-content\/uploads\/2022\/05\/broderie-diamant-hibou-600x613.jpg 600w\" sizes=\"auto, (max-width: 502px) 100vw, 502px\" \/><figcaption class=\"wp-element-caption\">Broderie diamant &#8220;Hiboux&#8221; (broderie diamant ronde). La taille est 25 x 25 cm. <\/figcaption><\/figure><\/div>","protected":false},"excerpt":{"rendered":"<p>Kre-Art brodera le mod\u00e8le selon votre design ou selon les pr\u00e9sentations sur le site. N\u2019h\u00e9sitez pas \u00e0 me contacter via mon formulaire de\u00a0Contact\u00a0pour effectuer la commande, et d\u00e9finir le mode de livraison.Le temps de r\u00e9alisation d\u00e9pend de la complexit\u00e9 de la toile.Le prix et le mode de livraison seront d\u00e9finis &hellip;<\/p>\n","protected":false},"author":1,"featured_media":2060,"parent":474,"menu_order":0,"comment_status":"closed","ping_status":"closed","template":"","meta":{"footnotes":""},"class_list":["post-2184","page","type-page","status-publish","has-post-thumbnail","hentry"],"_links":{"self":[{"href":"https:\/\/kre-art.fr\/index.php\/wp-json\/wp\/v2\/pages\/2184","targetHints":{"allow":["GET"]}}],"collection":[{"href":"https:\/\/kre-art.fr\/index.php\/wp-json\/wp\/v2\/pages"}],"about":[{"href":"https:\/\/kre-art.fr\/index.php\/wp-json\/wp\/v2\/types\/page"}],"author":[{"embeddable":true,"href":"https:\/\/kre-art.fr\/index.php\/wp-json\/wp\/v2\/users\/1"}],"replies":[{"embeddable":true,"href":"https:\/\/kre-art.fr\/index.php\/wp-json\/wp\/v2\/comments?post=2184"}],"version-history":[{"count":15,"href":"https:\/\/kre-art.fr\/index.php\/wp-json\/wp\/v2\/pages\/2184\/revisions"}],"predecessor-version":[{"id":4018,"href":"https:\/\/kre-art.fr\/index.php\/wp-json\/wp\/v2\/pages\/2184\/revisions\/4018"}],"up":[{"embeddable":true,"href":"https:\/\/kre-art.fr\/index.php\/wp-json\/wp\/v2\/pages\/474"}],"wp:featuredmedia":[{"embeddable":true,"href":"https:\/\/kre-art.fr\/index.php\/wp-json\/wp\/v2\/media\/2060"}],"wp:attachment":[{"href":"https:\/\/kre-art.fr\/index.php\/wp-json\/wp\/v2\/media?parent=2184"}],"curies":[{"name":"wp","href":"https:\/\/api.w.org\/{rel}","templated":true}]}}