{"id":334,"date":"2020-10-14T22:10:56","date_gmt":"2020-10-14T20:10:56","guid":{"rendered":"http:\/\/kre-art.fr\/?page_id=334"},"modified":"2023-08-11T22:22:29","modified_gmt":"2023-08-11T20:22:29","slug":"service-de-traduction","status":"publish","type":"page","link":"https:\/\/kre-art.fr\/index.php\/voyages\/service-de-traduction\/","title":{"rendered":"Service de traduction"},"content":{"rendered":"\n<p class=\"has-text-align-center\">Vous avez planifi\u00e9 de visiter la r\u00e9gion Auvergne-Rh\u00f4ne-Alpes (Haute-Savoie, Savoie, Ain,&#8230;) ou la Suisse Romande (Gen\u00e8ve, Lausanne) ?<br>Avez-vous besoin d\u2019\u00eatre accompagn\u00e9 par une traductrice (en anglais, en fran\u00e7ais, en russe) ?<br>Si la r\u00e9ponse est oui \u2013 N\u2019h\u00e9sitez pas \u00e0 me contacter via mon formulaire de\u00a0<a href=\"https:\/\/kre-art.fr\/index.php\/contact\/\">Contact<\/a>\u00a0pour savoir la disponibilit\u00e9 et l\u2019estimation du prix. <\/p>\n\n\n\n<p class=\"has-text-align-center\">Le prix standard pour une heure, du lundi au vendredi, est de 55 euros. <\/p>\n","protected":false},"excerpt":{"rendered":"<p>Vous avez planifi\u00e9 de visiter la r\u00e9gion Auvergne-Rh\u00f4ne-Alpes (Haute-Savoie, Savoie, Ain,&#8230;) ou la Suisse Romande (Gen\u00e8ve, Lausanne) ?Avez-vous besoin d\u2019\u00eatre accompagn\u00e9 par une traductrice (en anglais, en fran\u00e7ais, en russe) ?Si la r\u00e9ponse est oui \u2013 N\u2019h\u00e9sitez pas \u00e0 me contacter via mon formulaire de\u00a0Contact\u00a0pour savoir la disponibilit\u00e9 et l\u2019estimation &hellip;<\/p>\n","protected":false},"author":1,"featured_media":240,"parent":143,"menu_order":18,"comment_status":"closed","ping_status":"closed","template":"","meta":{"footnotes":""},"class_list":["post-334","page","type-page","status-publish","has-post-thumbnail","hentry"],"_links":{"self":[{"href":"https:\/\/kre-art.fr\/index.php\/wp-json\/wp\/v2\/pages\/334","targetHints":{"allow":["GET"]}}],"collection":[{"href":"https:\/\/kre-art.fr\/index.php\/wp-json\/wp\/v2\/pages"}],"about":[{"href":"https:\/\/kre-art.fr\/index.php\/wp-json\/wp\/v2\/types\/page"}],"author":[{"embeddable":true,"href":"https:\/\/kre-art.fr\/index.php\/wp-json\/wp\/v2\/users\/1"}],"replies":[{"embeddable":true,"href":"https:\/\/kre-art.fr\/index.php\/wp-json\/wp\/v2\/comments?post=334"}],"version-history":[{"count":5,"href":"https:\/\/kre-art.fr\/index.php\/wp-json\/wp\/v2\/pages\/334\/revisions"}],"predecessor-version":[{"id":4016,"href":"https:\/\/kre-art.fr\/index.php\/wp-json\/wp\/v2\/pages\/334\/revisions\/4016"}],"up":[{"embeddable":true,"href":"https:\/\/kre-art.fr\/index.php\/wp-json\/wp\/v2\/pages\/143"}],"wp:featuredmedia":[{"embeddable":true,"href":"https:\/\/kre-art.fr\/index.php\/wp-json\/wp\/v2\/media\/240"}],"wp:attachment":[{"href":"https:\/\/kre-art.fr\/index.php\/wp-json\/wp\/v2\/media?parent=334"}],"curies":[{"name":"wp","href":"https:\/\/api.w.org\/{rel}","templated":true}]}}