{"id":352,"date":"2020-10-14T22:21:55","date_gmt":"2020-10-14T20:21:55","guid":{"rendered":"http:\/\/kre-art.fr\/?page_id=352"},"modified":"2022-05-13T17:51:10","modified_gmt":"2022-05-13T15:51:10","slug":"citations","status":"publish","type":"page","link":"https:\/\/kre-art.fr\/index.php\/litterature\/citations\/","title":{"rendered":"Citations"},"content":{"rendered":"\n<div class=\"wp-block-columns is-layout-flex wp-container-core-columns-is-layout-1 wp-block-columns-is-layout-flex\">\n<div class=\"wp-block-column is-layout-flow wp-block-column-is-layout-flow\">\n<p class=\"has-text-align-center has-accent-1-color has-text-color\">Lope de Vega &#8220;Le Chien du jardinier&#8221;<\/p>\n\n\n\n<p>&#8220;Vous \u00eates d\u2019une prudence incomparable, et dormir sur une pareille aventure serait le comble de la prudence&#8221; &#8211; Diane <br>&#8220;Je ne puis m\u2019emp\u00eacher de vous dire toute la v\u00e9rit\u00e9, bien que je manque par l\u00e0 \u00e0 l\u2019amiti\u00e9 que j\u2019ai pour Marcelle&#8221; &#8211; Anarda<br>&#8220;L\u2019amour peut s\u2019avouer quand il a pour but un mariage&#8221; &#8211; Diana<br>&#8220;Il n\u2019y a point de d\u00e9fauts en Marcelle, et je ne r\u00e9ussirai jamais \u00e0 l\u2019oublier&#8221; &#8211; Th\u00e9odore<br>&#8220;De la jalousie est n\u00e9 mon amour&#8221; &#8211; Diane<br>&#8220;Je dois aimer puisque je d\u00e9sire qu\u2019on m\u2019aime&#8221; &#8211; Diane<br>&#8220;L\u2019amour sait ouvrir toutes les portes&#8221; &#8211; Doroth\u00e9e<br>&#8220;Nos c\u0153urs ne sont pas de pierre&#8221; &#8211; Diane<br>&#8220;Il n\u2019y a point d\u2019amiti\u00e9 v\u00e9ritable, il n\u2019y a que des semblants d\u2019amiti\u00e9 entre personnes qui servent dans la m\u00eame maison&#8221; &#8211; Marcelle<br>&#8220;L\u2019orgueil sied \u00e0 la beaut\u00e9&#8221; &#8211; Fr\u00e9d\u00e9ric<br>&#8220;L\u2019orgueil n\u2019embellit pas&#8221; &#8211; L\u00e9onido<br>&#8220;Si l\u2019amour est le dieu de la jalousie, il est aussi le dieu de la vengeance&#8221; &#8211; Marcelle<br>&#8220;J\u2019ai aim\u00e9 quand j\u2019ai voulu ; quand je ne voudrai plus aimer ce sera fini&#8221; &#8211; Diana<br>&#8220;L\u2019amour doit \u00eatre g\u00e9n\u00e9reux&#8221; &#8211; Th\u00e9odore<\/p>\n<\/div>\n\n\n\n<div class=\"wp-block-column is-layout-flow wp-block-column-is-layout-flow\"><\/div>\n\n\n\n<div class=\"wp-block-column is-layout-flow wp-block-column-is-layout-flow\"><\/div>\n<\/div>\n","protected":false},"excerpt":{"rendered":"<p>Lope de Vega &#8220;Le Chien du jardinier&#8221; &#8220;Vous \u00eates d\u2019une prudence incomparable, et dormir sur une pareille aventure serait le comble de la prudence&#8221; &#8211; Diane &#8220;Je ne puis m\u2019emp\u00eacher de vous dire toute la v\u00e9rit\u00e9, bien que je manque par l\u00e0 \u00e0 l\u2019amiti\u00e9 que j\u2019ai pour Marcelle&#8221; &#8211; Anarda&#8220;L\u2019amour &hellip;<\/p>\n","protected":false},"author":1,"featured_media":548,"parent":146,"menu_order":20,"comment_status":"closed","ping_status":"closed","template":"","meta":{"footnotes":""},"class_list":["post-352","page","type-page","status-publish","has-post-thumbnail","hentry"],"_links":{"self":[{"href":"https:\/\/kre-art.fr\/index.php\/wp-json\/wp\/v2\/pages\/352","targetHints":{"allow":["GET"]}}],"collection":[{"href":"https:\/\/kre-art.fr\/index.php\/wp-json\/wp\/v2\/pages"}],"about":[{"href":"https:\/\/kre-art.fr\/index.php\/wp-json\/wp\/v2\/types\/page"}],"author":[{"embeddable":true,"href":"https:\/\/kre-art.fr\/index.php\/wp-json\/wp\/v2\/users\/1"}],"replies":[{"embeddable":true,"href":"https:\/\/kre-art.fr\/index.php\/wp-json\/wp\/v2\/comments?post=352"}],"version-history":[{"count":3,"href":"https:\/\/kre-art.fr\/index.php\/wp-json\/wp\/v2\/pages\/352\/revisions"}],"predecessor-version":[{"id":2627,"href":"https:\/\/kre-art.fr\/index.php\/wp-json\/wp\/v2\/pages\/352\/revisions\/2627"}],"up":[{"embeddable":true,"href":"https:\/\/kre-art.fr\/index.php\/wp-json\/wp\/v2\/pages\/146"}],"wp:featuredmedia":[{"embeddable":true,"href":"https:\/\/kre-art.fr\/index.php\/wp-json\/wp\/v2\/media\/548"}],"wp:attachment":[{"href":"https:\/\/kre-art.fr\/index.php\/wp-json\/wp\/v2\/media?parent=352"}],"curies":[{"name":"wp","href":"https:\/\/api.w.org\/{rel}","templated":true}]}}