{"id":449,"date":"2020-10-15T21:34:35","date_gmt":"2020-10-15T19:34:35","guid":{"rendered":"http:\/\/kre-art.fr\/?page_id=449"},"modified":"2023-08-11T23:18:28","modified_gmt":"2023-08-11T21:18:28","slug":"pinces-a-linge","status":"publish","type":"page","link":"https:\/\/kre-art.fr\/index.php\/boutique\/pinces-a-linge\/","title":{"rendered":"Pinces \u00e0 linge"},"content":{"rendered":"\n<div class=\"wp-block-media-text alignwide is-stacked-on-mobile\"><figure class=\"wp-block-media-text__media\"><img loading=\"lazy\" decoding=\"async\" width=\"968\" height=\"1024\" src=\"https:\/\/kre-art.fr\/wp-content\/uploads\/2021\/04\/Kre-Art-Pinces-a-linge-cygne-968x1024.jpg\" alt=\"\" class=\"wp-image-1804 size-full\" srcset=\"https:\/\/kre-art.fr\/wp-content\/uploads\/2021\/04\/Kre-Art-Pinces-a-linge-cygne-968x1024.jpg 968w, https:\/\/kre-art.fr\/wp-content\/uploads\/2021\/04\/Kre-Art-Pinces-a-linge-cygne-284x300.jpg 284w, https:\/\/kre-art.fr\/wp-content\/uploads\/2021\/04\/Kre-Art-Pinces-a-linge-cygne-768x812.jpg 768w, https:\/\/kre-art.fr\/wp-content\/uploads\/2021\/04\/Kre-Art-Pinces-a-linge-cygne-1452x1536.jpg 1452w, https:\/\/kre-art.fr\/wp-content\/uploads\/2021\/04\/Kre-Art-Pinces-a-linge-cygne-1937x2048.jpg 1937w, https:\/\/kre-art.fr\/wp-content\/uploads\/2021\/04\/Kre-Art-Pinces-a-linge-cygne-600x635.jpg 600w\" sizes=\"auto, (max-width: 968px) 100vw, 968px\" \/><\/figure><div class=\"wp-block-media-text__content\">\n<p class=\"has-large-font-size\">Kre-Art cr\u00e9e des pinces \u00e0 linge avec des d\u00e9corations uniques en p\u00e2te polym\u00e8re FIMO.<br>Le prix est de 6 euros.<br>Kre-Art peut aussi cr\u00e9er des pinces \u00e0 linge sur demande. Le prix restera le m\u00eame.<br>N\u2019h\u00e9sitez pas \u00e0 me contacter via mon formulaire de\u00a0<a href=\"https:\/\/kre-art.fr\/index.php\/contact\/\">Contact<\/a>\u00a0pour effectuer la commande, et d\u00e9finir le mode de livraison.<br>La livraison en France s&#8217;effectue par La Poste, le prix de la livraison d\u00e9pend du poids, le prix minimum est de 4 euros.<br>Possibilit\u00e9 d\u2019ajouter 1 \u00e0 3 cristaux Swarovski (la quantit\u00e9 des cristaux d\u00e9pend du type de figurine). Co\u00fbt de 1 euro en suppl\u00e9ment.<br>NB: Les produits faits en p\u00e2te polym\u00e8re FIMO sont tr\u00e8s fragiles et n\u00e9cessitent beaucoup de pr\u00e9caution.<\/p>\n<\/div><\/div>\n\n\n\n<p class=\"has-text-align-center has-accent-1-color has-text-color\">Pinces \u00e0 linge cygne Kre-Art<\/p>\n\n\n<div class=\"wp-block-image is-style-rounded\">\n<figure class=\"aligncenter size-large is-resized\"><img loading=\"lazy\" decoding=\"async\" src=\"https:\/\/kre-art.fr\/wp-content\/uploads\/2021\/04\/Kre-Art-Pinces-a-linge-cygne-1-935x1024.jpg\" alt=\"\" class=\"wp-image-1805\" width=\"234\" height=\"256\" srcset=\"https:\/\/kre-art.fr\/wp-content\/uploads\/2021\/04\/Kre-Art-Pinces-a-linge-cygne-1-935x1024.jpg 935w, https:\/\/kre-art.fr\/wp-content\/uploads\/2021\/04\/Kre-Art-Pinces-a-linge-cygne-1-274x300.jpg 274w, https:\/\/kre-art.fr\/wp-content\/uploads\/2021\/04\/Kre-Art-Pinces-a-linge-cygne-1-768x841.jpg 768w, https:\/\/kre-art.fr\/wp-content\/uploads\/2021\/04\/Kre-Art-Pinces-a-linge-cygne-1-1402x1536.jpg 1402w, https:\/\/kre-art.fr\/wp-content\/uploads\/2021\/04\/Kre-Art-Pinces-a-linge-cygne-1-1870x2048.jpg 1870w, https:\/\/kre-art.fr\/wp-content\/uploads\/2021\/04\/Kre-Art-Pinces-a-linge-cygne-1-600x657.jpg 600w\" sizes=\"auto, (max-width: 234px) 100vw, 234px\" \/><figcaption class=\"wp-element-caption\">4.5 cm x 3.5 cm 0.5 cm (taille de cygne)<\/figcaption><\/figure><\/div>","protected":false},"excerpt":{"rendered":"<p>Kre-Art cr\u00e9e des pinces \u00e0 linge avec des d\u00e9corations uniques en p\u00e2te polym\u00e8re FIMO.Le prix est de 6 euros.Kre-Art peut aussi cr\u00e9er des pinces \u00e0 linge sur demande. Le prix restera le m\u00eame.N\u2019h\u00e9sitez pas \u00e0 me contacter via mon formulaire de\u00a0Contact\u00a0pour effectuer la commande, et d\u00e9finir le mode de livraison.La &hellip;<\/p>\n","protected":false},"author":1,"featured_media":543,"parent":152,"menu_order":33,"comment_status":"closed","ping_status":"closed","template":"","meta":{"footnotes":""},"class_list":["post-449","page","type-page","status-publish","has-post-thumbnail","hentry"],"_links":{"self":[{"href":"https:\/\/kre-art.fr\/index.php\/wp-json\/wp\/v2\/pages\/449","targetHints":{"allow":["GET"]}}],"collection":[{"href":"https:\/\/kre-art.fr\/index.php\/wp-json\/wp\/v2\/pages"}],"about":[{"href":"https:\/\/kre-art.fr\/index.php\/wp-json\/wp\/v2\/types\/page"}],"author":[{"embeddable":true,"href":"https:\/\/kre-art.fr\/index.php\/wp-json\/wp\/v2\/users\/1"}],"replies":[{"embeddable":true,"href":"https:\/\/kre-art.fr\/index.php\/wp-json\/wp\/v2\/comments?post=449"}],"version-history":[{"count":6,"href":"https:\/\/kre-art.fr\/index.php\/wp-json\/wp\/v2\/pages\/449\/revisions"}],"predecessor-version":[{"id":4024,"href":"https:\/\/kre-art.fr\/index.php\/wp-json\/wp\/v2\/pages\/449\/revisions\/4024"}],"up":[{"embeddable":true,"href":"https:\/\/kre-art.fr\/index.php\/wp-json\/wp\/v2\/pages\/152"}],"wp:featuredmedia":[{"embeddable":true,"href":"https:\/\/kre-art.fr\/index.php\/wp-json\/wp\/v2\/media\/543"}],"wp:attachment":[{"href":"https:\/\/kre-art.fr\/index.php\/wp-json\/wp\/v2\/media?parent=449"}],"curies":[{"name":"wp","href":"https:\/\/api.w.org\/{rel}","templated":true}]}}